{"id":78,"date":"2023-02-02T18:38:53","date_gmt":"2023-02-02T16:38:53","guid":{"rendered":"http:\/\/ligipaasetavus.ee\/?page_id=78"},"modified":"2023-02-02T18:38:53","modified_gmt":"2023-02-02T16:38:53","slug":"kontakt","status":"publish","type":"page","link":"https:\/\/ligipaasetavus.ee\/?page_id=78","title":{"rendered":"Kontakt"},"content":{"rendered":"\n<p>MT\u00dc Ligip\u00e4\u00e4setavuse foorum<br>Endla 59, Tallinn 10615<br>Telefon: +372 501 0127<br>E-post: info@ligipaasetavus.ee, jyri.jarve@ligipaasetavus.ee<br>WWW: www.ligipaasetavus.ee<br>FB: www.facebook.com\/ligipaasetavus<\/p>\n","protected":false},"excerpt":{"rendered":"<p>MT\u00dc Ligip\u00e4\u00e4setavuse foorumEndla 59, Tallinn 10615Telefon: +372 501 0127E-post: info@ligipaasetavus.ee, jyri.jarve@ligipaasetavus.eeWWW: www.ligipaasetavus.eeFB: www.facebook.com\/ligipaasetavus<\/p>\n","protected":false},"author":2,"featured_media":0,"parent":0,"menu_order":0,"comment_status":"closed","ping_status":"closed","template":"","meta":[],"_links":{"self":[{"href":"https:\/\/ligipaasetavus.ee\/index.php?rest_route=\/wp\/v2\/pages\/78"}],"collection":[{"href":"https:\/\/ligipaasetavus.ee\/index.php?rest_route=\/wp\/v2\/pages"}],"about":[{"href":"https:\/\/ligipaasetavus.ee\/index.php?rest_route=\/wp\/v2\/types\/page"}],"author":[{"embeddable":true,"href":"https:\/\/ligipaasetavus.ee\/index.php?rest_route=\/wp\/v2\/users\/2"}],"replies":[{"embeddable":true,"href":"https:\/\/ligipaasetavus.ee\/index.php?rest_route=%2Fwp%2Fv2%2Fcomments&post=78"}],"version-history":[{"count":1,"href":"https:\/\/ligipaasetavus.ee\/index.php?rest_route=\/wp\/v2\/pages\/78\/revisions"}],"predecessor-version":[{"id":79,"href":"https:\/\/ligipaasetavus.ee\/index.php?rest_route=\/wp\/v2\/pages\/78\/revisions\/79"}],"wp:attachment":[{"href":"https:\/\/ligipaasetavus.ee\/index.php?rest_route=%2Fwp%2Fv2%2Fmedia&parent=78"}],"curies":[{"name":"wp","href":"https:\/\/api.w.org\/{rel}","templated":true}]}}